{"id":26,"date":"2014-05-27T10:58:33","date_gmt":"2014-05-27T09:58:33","guid":{"rendered":"http:\/\/www.romankobiela.com\/domains\/romankobiela.com\/?page_id=26"},"modified":"2023-10-14T15:02:00","modified_gmt":"2023-10-14T14:02:00","slug":"biografie-spoluprace","status":"publish","type":"page","link":"https:\/\/www.romankobiela.cz\/?page_id=26","title":{"rendered":"BIOGRAFIE \u2013 <span class=\"pismo-barva\">SPOLUPR\u00c1CE<\/span>"},"content":{"rendered":"\n<p><\/p>\n<div class=\"obrazek-float\">\n<figure><img loading=\"lazy\" decoding=\"async\" src=\"https:\/\/www.romankobiela.cz\/domains\/romankobiela.cz\/wp-content\/uploads\/2014\/05\/biografie-surf-cb.jpg\" alt=\"biografie\" width=\"373\" height=\"373\"><\/figure>\n<\/div>\n\n\n\n<h3 class=\"wp-block-heading\">MGR. ROMAN KOBIELA, nar. 1966, T\u0159inec<\/h3>\n\n\n\n<p>Aktivn\u00ed \u00fa\u010dinkuj\u00edc\u00ed, autor a lektor p\u0159in\u00e1\u0161\u00ed \u0161irok\u00e9 spektrum informac\u00ed,<br>zku\u0161enost\u00ed a kontakt\u016f z p\u00f3di\u00ed a studi\u00ed r\u016fzn\u00fdch \u017e\u00e1nr\u016f v ti\u0161t\u011bn\u00fdch publikac\u00edch<br>Modern Fusion Drumming 2000, World of Drumset Rudiments, Universe of Drumset<br>Techniques, Advanced Rhythmic Studies &amp; Double Bass Drumming &#8211; Technika hry na bic\u00ed<br>soupravu I.- IV, a p\u0159ipravuje se: Back to Basic<br>Rhythms &amp; Strokes, Odd Meters &amp; Double Bass Drumming \u2013 Technika hry na bic\u00ed soupravu V. &#8211; VI.<\/p>\n\n\n\n<p>Nyn\u00ed spolupracuje s tane\u010dn\u00edmi orchestry Miroslava Han\u00e1ka, Gustava Sold\u00e1na, Breeze Band Ji\u0159\u00edho Such\u00e9ho, Combo Orchestru Gustava Broma &amp; Tibor Lensk\u00fd, Zuzana Gamboa; d\u00e1le se soubory: Brn\u011bnsk\u00e9 swingov\u00e9 legendy &amp; Helena Bleh\u00e1rov\u00e1, Milan Ka\u0161uba Trio, Patricie Karva\u0161ov\u00e1-\u0160ur\u00e1\u0148ov\u00e1 &amp; Nov\u00e1 Formace Brno, Pietro Falcone Band, Simi Barazi Band v projektech partnersk\u00fdch m\u011bst Brna &#8211; Jazz aus Brno.<\/p>\n\n\n\n<p>Sou\u010dasn\u011b vyu\u010duje hru na bic\u00ed n\u00e1stroje na <a rel=\"noreferrer noopener\" href=\"http:\/\/zusvranovska.cz\" target=\"_blank\">zusvranovska.cz<\/a>, Brno, d\u0159\u00edve na hudebn\u00ed \u0161kole Yamaha Brno a v\u011bnoval se publika\u010dn\u00ed \u010dinnosti v ti\u0161t\u011bn\u00fdch m\u00e9di\u00edch.<\/p>\n\n\n\n<p>K hudebn\u00ed dr\u00e1ze byl p\u0159edur\u010den rodinn\u00fdm prost\u0159ed\u00edm. Po absolutoriu konzervato\u0159e \u2013 obor bic\u00ed n\u00e1stroje u prof. M. \u010cadana, a konzultac\u00edch na jazzov\u00fdch d\u00edln\u00e1ch s p\u0159edn\u00edmi hr\u00e1\u010di na bic\u00ed (C. Zelen\u00e1k, J. D. \u0160o\u0161oka, M. Vitoch a dal.), studium u prof. M. Vesel\u00e9ho a rovn\u011b\u017e na presti\u017en\u00edm American Institute of Music (Vienna) nastupuje v roce 1991 do muzik\u00e1l. orchestru Cantus Nova Brno, dirig. Lubom\u00edr Vete\u0161ka.<\/p>\n\n\n\n<p>Spolupr\u00e1ce, hostov\u00e1n\u00ed a hudebn\u00ed doprovod s\u00f3list\u016fm: Felix Slov\u00e1\u010dek, Jana Koubkov\u00e1, Peter Lipa, Jitka Zelenkov\u00e1, La\u010fa Kerndl, Vera Love (USA), Radka Fi\u0161arov\u00e1, Michaela Noskov\u00e1, Olga Lounov\u00e1, Monika Absolonov\u00e1, Mark\u00e9ta Konvi\u010dkov\u00e1, Dasha, Hana Holi\u0161ov\u00e1, Jan Smigmator (Tribute to Frank Sinatra), Laco Deczi and Jazz Celula New York, Eva Adams, Marky.cz, Gabriela Ko\u010d\u00ed, Ellen Lensk\u00e1, Marcela Kr\u00e1lov\u00e1, Petr Bende, Standa Hlo\u017eek, Milan Markovi\u010d, D\u00e1\u0161a Ubrov\u00e1; a d\u00e1le se soubory Die Emsperlen (D) &#8211; r. 2009 Coco Zhao (China \u2013 Jazz Club Shanghai), Joyce Hurley (USA) &amp; Joe After Trio, Pozdn\u00ed sb\u011br &amp; Roman Hork\u00fd, Moravanka Jana Slab\u00e1ka, Josef Zima, Eva a Va\u0161ek, BigBand MR Swing Brno a dal\u0161\u00ed.<\/p>\n\n\n\n<p>D\u0159\u00edve p\u016fsobil v souborech Louis Armstrong Revival (2010-20), Roman Pokorn\u00fd Trio (1992-93), Jan Ber\u00e1nek &amp; Jazz Ornis, Moravsko-kanadsk\u00fd Quartet &amp; Zden\u011bk D. Bla\u017eek, L\u00e1zaro Cruz (Cuba) &amp; KM Jazz Quartet, Peter Graham Trio, T\u0159et\u00ed zuby &amp; Vlasta Redl (1992), HB Stop (1993), Louisovi sirotci, Melody Gentlemen; a d\u00e1le s legendami moravsk\u00e9ho jazzu \u2013 Jarom\u00edr Hnili\u010dka Band, G\u00fcnter Ko\u010d\u00ed Quartet, Mojm\u00edrem B\u00e1rtkem, Jaroslavem Humpol\u00edkem, Vincencem Kummerem. V CZ i zahrani\u010d\u00ed s tane\u010dn\u00edm orchestrem Night and Day Band Brno (2000-20), a s fusion formac\u00ed Jazzysland Trio &amp; Vera Binge (D).<\/p>\n\n\n\n<p>Absolvoval z\u00e1mo\u0159sk\u00e1 anga\u017em\u00e1 ve formaci All Star Band (1994-96) s vynikaj\u00edc\u00edmi s\u00f3listy, jako Judith Lorick (USA), Gene Williams (YAR), Nana Gualdi (IT), Diane Roy (CAN) a dal\u0161\u00edmi.<\/p>\n\n\n\n<p>Pod\u00edlel se na \u0159ad\u011b rozhlasov\u00fdch a televizn\u00edch nahr\u00e1vek, CD, DVD nosi\u010d\u016f a divadeln\u00edch muzik\u00e1lov\u00fdch produkc\u00ed, zejm. M\u011bstsk\u00e9 divadlo Brno &#8211; muzik\u00e1l Sv\u011bt pln\u00fd and\u011bl\u016f (2000-03)<\/p>\n\n\n\n<p>Videouk\u00e1zky <a href=\"http:\/\/www.youtube.com\" data-type=\"link\" data-id=\"www.youtube.com\">www.YouTube.com<\/a> \u2013 roman kobiela viz video<\/p>\n\n\n\n<p>","protected":false},"excerpt":{"rendered":"MGR. ROMAN KOBIELA, nar. 1966, T\u0159inec Aktivn\u00ed \u00fa\u010dinkuj\u00edc\u00ed, autor a lektor p\u0159in\u00e1\u0161\u00ed \u0161irok\u00e9 spektrum informac\u00ed,zku\u0161enost\u00ed a kontakt\u016f z p\u00f3di\u00ed a studi\u00ed r\u016fzn\u00fdch \u017e\u00e1nr\u016f v ti\u0161t\u011bn\u00fdch publikac\u00edchModern Fusion Drumming 2000, World of Drumset Rudiments, Universe of DrumsetTechniques, Advanced Rhythmic Studies &amp; Double Bass Drumming &#8211; Technika hry na bic\u00edsoupravu I.- IV, a p\u0159ipravuje se: Back to [&hellip;]","protected":false},"author":2,"featured_media":0,"parent":0,"menu_order":0,"comment_status":"open","ping_status":"open","template":"","meta":{"ngg_post_thumbnail":0,"footnotes":""},"class_list":["post-26","page","type-page","status-publish","hentry"],"_links":{"self":[{"href":"https:\/\/www.romankobiela.cz\/index.php?rest_route=\/wp\/v2\/pages\/26","targetHints":{"allow":["GET"]}}],"collection":[{"href":"https:\/\/www.romankobiela.cz\/index.php?rest_route=\/wp\/v2\/pages"}],"about":[{"href":"https:\/\/www.romankobiela.cz\/index.php?rest_route=\/wp\/v2\/types\/page"}],"author":[{"embeddable":true,"href":"https:\/\/www.romankobiela.cz\/index.php?rest_route=\/wp\/v2\/users\/2"}],"replies":[{"embeddable":true,"href":"https:\/\/www.romankobiela.cz\/index.php?rest_route=%2Fwp%2Fv2%2Fcomments&post=26"}],"version-history":[{"count":12,"href":"https:\/\/www.romankobiela.cz\/index.php?rest_route=\/wp\/v2\/pages\/26\/revisions"}],"predecessor-version":[{"id":575,"href":"https:\/\/www.romankobiela.cz\/index.php?rest_route=\/wp\/v2\/pages\/26\/revisions\/575"}],"wp:attachment":[{"href":"https:\/\/www.romankobiela.cz\/index.php?rest_route=%2Fwp%2Fv2%2Fmedia&parent=26"}],"curies":[{"name":"wp","href":"https:\/\/api.w.org\/{rel}","templated":true}]}}