{"id":42,"date":"2014-05-27T12:28:54","date_gmt":"2014-05-27T11:28:54","guid":{"rendered":"http:\/\/www.romankobiela.com\/domains\/romankobiela.com\/?page_id=42"},"modified":"2023-10-21T18:42:20","modified_gmt":"2023-10-21T17:42:20","slug":"vyuka","status":"publish","type":"page","link":"https:\/\/www.romankobiela.cz\/?page_id=42","title":{"rendered":"V\u00ddUKA"},"content":{"rendered":"\n<h3 class=\"wp-block-heading\">ZU\u0160 Vranovsk\u00e1<\/h3>\n\n\n\n<p>Vranovsk\u00e1 842\/41, Brno 614 00<\/p>\n\n\n\n<p><a href=\"https:\/\/www.zusvranovska.cz\/\">https:\/\/www.zusvranovska.cz\/<\/a><\/p>\n\n\n\n<div class=\"wp-block-group is-nowrap is-layout-flex wp-container-core-group-is-layout-ad2f72ca wp-block-group-is-layout-flex\">\n<figure class=\"wp-block-image size-large\"><img loading=\"lazy\" decoding=\"async\" width=\"640\" height=\"480\" src=\"https:\/\/www.romankobiela.cz\/wp-content\/uploads\/2023\/10\/VYUKA-ZUS-VRANOVSKA1-640x480.jpg\" alt=\"\" class=\"wp-image-565\" style=\"aspect-ratio:1.3333333333333333;object-fit:cover\" srcset=\"https:\/\/www.romankobiela.cz\/wp-content\/uploads\/2023\/10\/VYUKA-ZUS-VRANOVSKA1-640x480.jpg 640w, https:\/\/www.romankobiela.cz\/wp-content\/uploads\/2023\/10\/VYUKA-ZUS-VRANOVSKA1-373x280.jpg 373w, https:\/\/www.romankobiela.cz\/wp-content\/uploads\/2023\/10\/VYUKA-ZUS-VRANOVSKA1-768x576.jpg 768w, https:\/\/www.romankobiela.cz\/wp-content\/uploads\/2023\/10\/VYUKA-ZUS-VRANOVSKA1.jpg 1200w\" sizes=\"auto, (max-width: 640px) 100vw, 640px\" \/><\/figure>\n\n\n\n<figure class=\"wp-block-image size-large is-resized\"><img loading=\"lazy\" decoding=\"async\" width=\"640\" height=\"427\" src=\"https:\/\/www.romankobiela.cz\/wp-content\/uploads\/2023\/10\/VYUKA-ZUS-VRANOVSKA2-640x427.jpg\" alt=\"\" class=\"wp-image-566\" style=\"aspect-ratio:1.4988290398126465;width:439px;height:auto\" srcset=\"https:\/\/www.romankobiela.cz\/wp-content\/uploads\/2023\/10\/VYUKA-ZUS-VRANOVSKA2-640x427.jpg 640w, https:\/\/www.romankobiela.cz\/wp-content\/uploads\/2023\/10\/VYUKA-ZUS-VRANOVSKA2-373x249.jpg 373w, https:\/\/www.romankobiela.cz\/wp-content\/uploads\/2023\/10\/VYUKA-ZUS-VRANOVSKA2-768x512.jpg 768w, https:\/\/www.romankobiela.cz\/wp-content\/uploads\/2023\/10\/VYUKA-ZUS-VRANOVSKA2.jpg 1500w\" sizes=\"auto, (max-width: 640px) 100vw, 640px\" \/><\/figure>\n<\/div>\n\n\n\n<h3 class=\"wp-block-heading\">YAMAHA &#8211; Hudebn\u00ed \u0161kola (do roku 2018)<br>Z\u0160 ul. Horn\u00edkova, L\u00ed\u0161e\u0148<\/h3>\n\n\n\n<p><a href=\"http:\/\/www.yamahaskola.cz\/brno\" target=\"_blank\" rel=\"noopener\">www.yamahaskola.cz\/brno<\/a><br>Telefon: 544 213 306<\/p>\n\n\n\n<figure class=\"wp-block-image\"><a href=\"https:\/\/www.romankobiela.cz\/domains\/romankobiela.cz\/wp-content\/uploads\/2014\/05\/HSYamaha-\u017e\u00e1ci.jpg\"><img loading=\"lazy\" decoding=\"async\" width=\"640\" height=\"426\" src=\"https:\/\/www.romankobiela.cz\/domains\/romankobiela.cz\/wp-content\/uploads\/2014\/05\/HSYamaha-\u017e\u00e1ci-640x426.jpg\" alt=\"HSYamaha-\u017e\u00e1ci\" class=\"wp-image-452\" srcset=\"https:\/\/www.romankobiela.cz\/wp-content\/uploads\/2014\/05\/HSYamaha-\u017e\u00e1ci-640x426.jpg 640w, https:\/\/www.romankobiela.cz\/wp-content\/uploads\/2014\/05\/HSYamaha-\u017e\u00e1ci-373x248.jpg 373w, https:\/\/www.romankobiela.cz\/wp-content\/uploads\/2014\/05\/HSYamaha-\u017e\u00e1ci.jpg 960w\" sizes=\"auto, (max-width: 640px) 100vw, 640px\" \/><\/a><\/figure>\n\n\n\n<figure class=\"wp-block-image\"><a href=\"https:\/\/www.romankobiela.cz\/domains\/romankobiela.cz\/wp-content\/uploads\/2014\/05\/Yamaha-+kb.jpg\"><img loading=\"lazy\" decoding=\"async\" width=\"640\" height=\"426\" src=\"https:\/\/www.romankobiela.cz\/domains\/romankobiela.cz\/wp-content\/uploads\/2014\/05\/Yamaha-+kb-640x426.jpg\" alt=\"Yamaha +kb\" class=\"wp-image-453\" srcset=\"https:\/\/www.romankobiela.cz\/wp-content\/uploads\/2014\/05\/Yamaha-+kb-640x426.jpg 640w, https:\/\/www.romankobiela.cz\/wp-content\/uploads\/2014\/05\/Yamaha-+kb-373x248.jpg 373w, https:\/\/www.romankobiela.cz\/wp-content\/uploads\/2014\/05\/Yamaha-+kb.jpg 960w\" sizes=\"auto, (max-width: 640px) 100vw, 640px\" \/><\/a><\/figure>\n\n\n\n<h3 class=\"wp-block-heading\">V\u00fdro\u010dn\u00ed vystoupen\u00ed \u017e\u00e1k\u016f &#8211; YamahaShow2013<\/h3>\n\n\n\n<figure class=\"wp-block-image\"><img loading=\"lazy\" decoding=\"async\" width=\"640\" height=\"426\" src=\"https:\/\/www.romankobiela.cz\/domains\/romankobiela.cz\/wp-content\/uploads\/2014\/05\/Vyuka-bicich-Yamaha2-640x426.jpg\" alt=\"Vyuka bicich Yamaha2\" class=\"wp-image-66\" srcset=\"https:\/\/www.romankobiela.cz\/wp-content\/uploads\/2014\/05\/Vyuka-bicich-Yamaha2-640x426.jpg 640w, https:\/\/www.romankobiela.cz\/wp-content\/uploads\/2014\/05\/Vyuka-bicich-Yamaha2-373x248.jpg 373w, https:\/\/www.romankobiela.cz\/wp-content\/uploads\/2014\/05\/Vyuka-bicich-Yamaha2.jpg 1024w\" sizes=\"auto, (max-width: 640px) 100vw, 640px\" \/><\/figure>\n\n\n\n<h3 class=\"wp-block-heading\">U\u010debna H\u0160 Yamaha Brno-L\u00ed\u0161e\u0148, ul. Horn\u00edkova<\/h3>\n\n\n\n<figure class=\"wp-block-image\"><img loading=\"lazy\" decoding=\"async\" width=\"640\" height=\"356\" src=\"https:\/\/www.romankobiela.cz\/domains\/romankobiela.cz\/wp-content\/uploads\/2014\/05\/VYUKA-BICICH-YAMAHA1-640x356.jpg\" alt=\"OLYMPUS DIGITAL CAMERA\" class=\"wp-image-67\" srcset=\"https:\/\/www.romankobiela.cz\/wp-content\/uploads\/2014\/05\/VYUKA-BICICH-YAMAHA1-640x356.jpg 640w, https:\/\/www.romankobiela.cz\/wp-content\/uploads\/2014\/05\/VYUKA-BICICH-YAMAHA1-373x207.jpg 373w, https:\/\/www.romankobiela.cz\/wp-content\/uploads\/2014\/05\/VYUKA-BICICH-YAMAHA1.jpg 1683w\" sizes=\"auto, (max-width: 640px) 100vw, 640px\" \/><\/figure>\n\n\n\n<h3 class=\"wp-block-heading\">V\u00fduka hry na bic\u00ed Brno &#8211; YAMAHA &#8211; Hudebn\u00ed \u0161kola<\/h3>\n\n\n\n<p><a href=\"http:\/\/www.yamahaskola.cz\/brno\" target=\"_blank\" rel=\"noopener\">www.yamahaskola.cz\/brno<\/a><br>Telefon: 544 213 306, 721 221 616<\/p>\n\n\n\n<h3 class=\"wp-block-heading\">V\u00fdro\u010dn\u00ed vystoupen\u00ed \u017e\u00e1k\u016f &#8211; YamahaShow2013<\/h3>\n\n\n\n<figure class=\"wp-block-image\"><img loading=\"lazy\" decoding=\"async\" width=\"640\" height=\"426\" src=\"https:\/\/www.romankobiela.cz\/domains\/romankobiela.cz\/wp-content\/uploads\/2014\/05\/Vyuka-bicich-Yamaha2-640x426.jpg\" alt=\"Vyuka bicich Yamaha2\" class=\"wp-image-66\" srcset=\"https:\/\/www.romankobiela.cz\/wp-content\/uploads\/2014\/05\/Vyuka-bicich-Yamaha2-640x426.jpg 640w, https:\/\/www.romankobiela.cz\/wp-content\/uploads\/2014\/05\/Vyuka-bicich-Yamaha2-373x248.jpg 373w, https:\/\/www.romankobiela.cz\/wp-content\/uploads\/2014\/05\/Vyuka-bicich-Yamaha2.jpg 1024w\" sizes=\"auto, (max-width: 640px) 100vw, 640px\" \/><\/figure>\n\n\n\n<div class=\"obrazek-bez-float\"><\/div>\n\n\n\n<h3 class=\"wp-block-heading\">U\u010debna H\u0160 Yamaha Brno-L\u00ed\u0161e\u0148, ul. Horn\u00edkova<\/h3>\n\n\n\n<figure class=\"wp-block-image\"><img loading=\"lazy\" decoding=\"async\" width=\"640\" height=\"356\" src=\"https:\/\/www.romankobiela.cz\/domains\/romankobiela.cz\/wp-content\/uploads\/2014\/05\/VYUKA-BICICH-YAMAHA1-640x356.jpg\" alt=\"OLYMPUS DIGITAL CAMERA\" class=\"wp-image-67\" srcset=\"https:\/\/www.romankobiela.cz\/wp-content\/uploads\/2014\/05\/VYUKA-BICICH-YAMAHA1-640x356.jpg 640w, https:\/\/www.romankobiela.cz\/wp-content\/uploads\/2014\/05\/VYUKA-BICICH-YAMAHA1-373x207.jpg 373w, https:\/\/www.romankobiela.cz\/wp-content\/uploads\/2014\/05\/VYUKA-BICICH-YAMAHA1.jpg 1683w\" sizes=\"auto, (max-width: 640px) 100vw, 640px\" \/><\/figure>\n\n\n\n<div class=\"obrazek-bez-float\"><\/div>\n","protected":false},"excerpt":{"rendered":"ZU\u0160 Vranovsk\u00e1 Vranovsk\u00e1 842\/41, Brno 614 00 https:\/\/www.zusvranovska.cz\/ YAMAHA &#8211; Hudebn\u00ed \u0161kola (do roku 2018)Z\u0160 ul. Horn\u00edkova, L\u00ed\u0161e\u0148 www.yamahaskola.cz\/brnoTelefon: 544 213 306 V\u00fdro\u010dn\u00ed vystoupen\u00ed \u017e\u00e1k\u016f &#8211; YamahaShow2013 U\u010debna H\u0160 Yamaha Brno-L\u00ed\u0161e\u0148, ul. Horn\u00edkova V\u00fduka hry na bic\u00ed Brno &#8211; YAMAHA &#8211; Hudebn\u00ed \u0161kola www.yamahaskola.cz\/brnoTelefon: 544 213 306, 721 221 616 V\u00fdro\u010dn\u00ed vystoupen\u00ed \u017e\u00e1k\u016f &#8211; YamahaShow2013 [&hellip;]","protected":false},"author":2,"featured_media":0,"parent":0,"menu_order":0,"comment_status":"open","ping_status":"open","template":"","meta":{"ngg_post_thumbnail":0,"footnotes":""},"class_list":["post-42","page","type-page","status-publish","hentry"],"_links":{"self":[{"href":"https:\/\/www.romankobiela.cz\/index.php?rest_route=\/wp\/v2\/pages\/42","targetHints":{"allow":["GET"]}}],"collection":[{"href":"https:\/\/www.romankobiela.cz\/index.php?rest_route=\/wp\/v2\/pages"}],"about":[{"href":"https:\/\/www.romankobiela.cz\/index.php?rest_route=\/wp\/v2\/types\/page"}],"author":[{"embeddable":true,"href":"https:\/\/www.romankobiela.cz\/index.php?rest_route=\/wp\/v2\/users\/2"}],"replies":[{"embeddable":true,"href":"https:\/\/www.romankobiela.cz\/index.php?rest_route=%2Fwp%2Fv2%2Fcomments&post=42"}],"version-history":[{"count":11,"href":"https:\/\/www.romankobiela.cz\/index.php?rest_route=\/wp\/v2\/pages\/42\/revisions"}],"predecessor-version":[{"id":597,"href":"https:\/\/www.romankobiela.cz\/index.php?rest_route=\/wp\/v2\/pages\/42\/revisions\/597"}],"wp:attachment":[{"href":"https:\/\/www.romankobiela.cz\/index.php?rest_route=%2Fwp%2Fv2%2Fmedia&parent=42"}],"curies":[{"name":"wp","href":"https:\/\/api.w.org\/{rel}","templated":true}]}}